 - 4*b - 16, -2*o - b - 1 = 0. Calculate the remainder when r is divided by o.
1
Let d = 9 + 18. What is the remainder when 79 is divided by d?
25
Suppose -60 = -3*g + 90. Let p(n) = 5*n + 2. What is the remainder when g is divided by p(3)?
16
Let h be 4*21*16/6. Suppose 5*s = v - 97 + 11, -3*v - 2*s + h = 0. What is the remainder when 22 is divided by v/10 - 6/(-15)?
6
Calculate the remainder when 153 + -9 + (3 - -2) is divided by 25.
24
Suppose 4*m - 27 - 21 = 0. Calculate the remainder when m is divided by 8.
4
Let l(d) = -d - 7. Let z be l(-9). Suppose 0*o + z*o - 72 = 0. Suppose -2*v + o = 2*v. What is the remainder when 34 is divided by v?
7
Let y(j) = -j**3 + 9*j**2 - 9*j - 3. Suppose 28 = 5*r - 7. Calculate the remainder when y(r) is divided by 11.
10
Suppose -3 = 5*y - 4*y. Let v(r) = r**3 + 5*r**2 + 2*r - 2. Suppose -3*s = -3*o, 4*o - 9*o = -20. What is the remainder when v(y) is divided by s?
2
Suppose 3*h - 2 = 7. Suppose -h*g + 49 = 2*d, -61 = -7*d + 4*d - 2*g. Calculate the remainder when d is divided by 5.
2
Suppose -80 = -3*b - 2*b. Suppose 2*h + a = 3*a + 26, 2*h - 5*a - 26 = 0. Let u = h - 4. What is the remainder when b is divided by u?
7
What is the remainder when 281 is divided by 45/(-27) - 438/(-9)?
46
Suppose -38 + 17 = -3*q. Calculate the remainder when 8/(-2)*(-19)/4 is divided by q.
5
Let t be (-3)/(-5) - 88/(-20). Suppose -3*z + 6 = t*y, 4*z + 5*y - 4 = 2*z. What is the remainder when 5 is divided by z?
1
What is the remainder when (9/(-5))/(-1*(-4)/(-20)) is divided by 6?
3
Let c = -145 - -211. Calculate the remainder when c is divided by 23.
20
Suppose 184 = y - 8*a + 10*a, -3*a + 6 = 0. Calculate the remainder when y is divided by 26.
24
Suppose 3*k = -4*m - 0*k + 52, 0 = 5*m - 4*k - 65. Let r = -1 - -4. Calculate the remainder when m is divided by 1/(-3) + 16/r.
3
Calculate the remainder when (-2 + 9)*(10 - -1) is divided by 20.
17
Calculate the remainder when 9 is divided by 10 - 4 - (1 + 2).
0
Let q = 4 + -1. Suppose -5*y + q*y = -34. Calculate the remainder when 33/22 - ((-582)/4)/3 is divided by y.
16
Let h(v) = -9*v + 7. Let f be h(7). Calculate the remainder when f/21*(1 - 13) is divided by 11.
10
Let h(w) = w**3 + w**2 + 4. Let k = -8 - -29. What is the remainder when h(3) is divided by k?
19
Let d(l) be the first derivative of -l**4/4 + 4*l**3/3 - l**2 + l + 3. Calculate the remainder when 23 is divided by d(3).
3
Suppose 28 = 2*i - 4*t + 2, -3*i + 35 = -2*t. Calculate the remainder when 31 is divided by i.
9
Suppose 2*m + m - 9 = 0. Suppose -m = -b, -5*b = -3*l - 41 + 212. What is the remainder when l is divided by 21?
20
Let x(q) = q**3 - q**2 + q. Calculate the remainder when (-2 + (3 - 2))/1*-1 is divided by x(1).
0
Let z = -198 + 221. Calculate the remainder when 71 is divided by z.
2
Let g(a) = a**2 + 11*a + 15. Calculate the remainder when g(-13) is divided by -11*(0/(-1) + -1).
8
Suppose 5*g + 5*d - 12 - 3 = 0, -2 = d. Let i = -2 - -5. Calculate the remainder when g is divided by i.
2
Calculate the remainder when 119 is divided by (12/14)/(2/56).
23
Let d(b) = 4*b**2 + 5*b + 3. Let l(g) = -9*g**2 - 11*g - 7. Let v(y) = 7*d(y) + 3*l(y). What is the remainder when v(-5) is divided by 8?
7
Suppose -2*f + 26 = -4*v, 0 = -2*f + f + 3*v + 13. Calculate the remainder when 127 is divided by f.
10
Suppose 4*w = 2*l + 42, -2*w + l + 51 = 6*l. Let s(a) = a - 11. Let f be s(9). Calculate the remainder when 2 + (-2 - (f + -22)) is divided by w.
11
Suppose 5*b + 2*c + 81 = 10*b, -5*b + c + 83 = 0. What is the remainder when 2/4 + (-178)/(-4) is divided by b?
11
Suppose -5*a = -9*a. What is the remainder when 33 is divided by (a/(-3))/(-4) - -9?
6
Suppose -1 = -23*t + 91. What is the remainder when 9 is divided by t?
1
Let b = 28 + -5. Calculate the remainder when 91 is divided by b.
22
Let z be (65 - (4 - 2)) + -3. Let j be (-388)/14 - (-4)/(-14). What is the remainder when 8/j + z/14 is divided by 3?
1
Let s(x) = 49*x + 1. Calculate the remainder when s(1) is divided by 26.
24
Let x be (0 + 0 + 2)*1. Calculate the remainder when 35 + (-3 + -1 - -2) is divided by (-9)/18*-17*x.
16
Suppose 0 = 59*z - 61*z + 4. Calculate the remainder when -2 - -1 - -2*3 is divided by z.
1
Suppose -3*i = 5*m - 2*i - 72, -5*m - 4*i = -78. Let a be -1 + -12 + 3 + -1. Let w = 16 + a. Calculate the remainder when m is divided by w.
4
Let d(q) = q**3 + 8*q**2 - 3*q - 6. Suppose -z = 4*z + 40. What is the remainder when 35 is divided by d(z)?
17
Let n(g) = -g**3 + g**2 + 4*g. Let u be n(-3). Suppose 0*c + 3*c = u. Let z = 7 - 2. Calculate the remainder when c is divided by z.
3
Let b(r) = 4*r**3 - r**2 + 3*r - 5. Calculate the remainder when 56 is divided by b(2).
27
Suppose 4*n - 18 = -5*h + 30, 2*n = -5*h + 44. Calculate the remainder when 27 is divided by h.
3
Suppose 6*j + 703 = 25*j. Calculate the remainder when 146 is divided by j.
35
Let x = -2 + 5. Suppose 5*c + 0*c + h = 106, -x*h = -3*c + 60. What is the remainder when 81 is divided by c?
18
Suppose r + 3*r = 3*x - 9, 4*x - 12 = r. Calculate the remainder when 1 + ((-32)/(-20))/((-6)/(-15)) is divided by x.
2
Let q be ((-66)/(-8))/((-9)/(-24)). Let a = 37 - q. Calculate the remainder when a is divided by 8.
7
Let l(s) = 2*s**3 - 5*s**2 - 2*s. Let w be l(4). Let g = w - 3. What is the remainder when g is divided by 13?
11
Suppose -4*r + 67 = -125. Suppose -r - 77 = -5*a. Suppose 5*t = a, -4*q = 5*t - 17 - 16. What is the remainder when 2 is divided by q?
0
Let q(r) = -r**3 + 14*r**2 - 10*r - 25. What is the remainder when 25 is divided by q(13)?
11
Suppose 0 = -4*y + 181 + 63. Let l(s) = s**2 - s - 4. Calculate the remainder when y is divided by l(5).
13
Let v(h) = 38*h**3 - h**2 + 1. What is the remainder when 73 is divided by v(1)?
35
Let r = -39 + 81. Calculate the remainder when r is divided by 9.
6
Suppose -4*q = 4, -49 = -2*z - 9*q + 14*q. Calculate the remainder when z is divided by 5.
2
Let v(r) = -5*r + 5*r**2 + 6*r - r**3 + r - 4. Suppose -59 = -q - 0*q. What is the remainder when q is divided by v(4)?
19
Let s = -1 + 8. What is the remainder when s is divided by 4?
3
Let s = -23 + 25. What is the remainder when 7 is divided by s?
1
Let r be 14/(-1 - -3) + -2. Suppose 10 = r*i - 5*m, 2*m = 3 + 1. Calculate the remainder when i is divided by 3.
1
Suppose -3*x = -5*x - 2. Calculate the remainder when 46 is divided by (20/(-50))/(x/40).
14
Suppose -3*c + 16 = 2*g - 36, -g - 4*c + 36 = 0. What is the remainder when 59 is divided by g?
19
Suppose 4*a = -5*n - 17, 0*a + 3*a + 9 = -3*n. Let l(p) be the second derivative of p**3/6 - p**2 - p. Calculate the remainder when a is divided by l(3).
0
Suppose l = -0*l + 2. What is the remainder when l is divided by 2?
0
Let c = 42 - 18. Suppose -5*j = 3*a - 39, -2*a - 19 + 45 = -j. What is the remainder when c is divided by a?
11
Suppose 60 = -2*u - 3*u - 5*q, -3*q + 24 = -2*u. What is the remainder when ((-8)/u)/((-4)/(-102)) is divided by 10?
7
Let d(k) = -k**3 - k**2 + k + 270. Let n be d(0). Suppose a - 6*a + n = 0. What is the remainder when a is divided by 28?
26
Suppose 3*o = 87 - 18. Calculate the remainder when 68 is divided by o.
22
Let a = -11 - -8. Calculate the remainder when 46 is divided by (-12)/(-4) - 27/a.
10
Suppose 0 = 4*n - 6*n + 300. Suppose p - n = -4*p. What is the remainder when 118 is divided by p?
28
Suppose -t + 3*d = 18, 2*t + 4*d + 7 + 19 = 0. Let c = t - -34. Let l(w) = 7*w - 5. What is the remainder when l(6) is divided by c?
18
Let i = 0 + -2. Let v be (2/4)/(i/(-8)). Suppose 0*c - v*c = -62. What is the remainder when c is divided by 11?
9
Let c be -1 + ((-4)/2 - -11). Suppose -3*b - 45 = -c*b. What is the remainder when 26 is divided by b?
8
Let t(n) = -n + 12. Let a be t(9). Suppose s + 95 = q + 2*q, -5*s + 101 = a*q. Calculate the remainder when q is divided by 17.
15
Let f be (1/2 + 1)*2. Suppose 2*s = -f*s. Suppose 5*o + 7 - 92 = s. Calculate the remainder when o is divided by 6.
5
Let r = 5 - -1. Calculate the remainder when 15 is divided by r.
3
Let r(i) = -11*i - 4. Let v be r(-5). Suppose -v = -0*j - j. Calculate the remainder when j is divided by 18.
15
Let n(w) = -w**3 - 4*w**2 - w - 3. Calculate the remainder when n(-5) is divided by 30*1*(-11)/(-22).
12
Let f(t) = -2*t - 12. Let 